{"id":48,"date":"2016-10-04T05:51:02","date_gmt":"2016-10-04T04:51:02","guid":{"rendered":"http:\/\/sapenartois.com\/?page_id=48"},"modified":"2017-12-03T06:19:13","modified_gmt":"2017-12-03T05:19:13","slug":"nos-services-a-la-personne","status":"publish","type":"page","link":"https:\/\/sapenartois.com\/index.php\/nos-services-a-la-personne\/","title":{"rendered":"Les Services A la Personne"},"content":{"rendered":"<p style=\"text-align: justify;\"><span style=\"color: #993366;\"><img fetchpriority=\"high\" decoding=\"async\" class=\"wp-image-122 aligncenter\" src=\"http:\/\/sapenartois.com\/wp-content\/uploads\/2017\/12\/Fotolia_121558397_XL-300x212.jpg\" alt=\"\" width=\"397\" height=\"280\" srcset=\"https:\/\/sapenartois.com\/wp-content\/uploads\/2017\/12\/Fotolia_121558397_XL-300x212.jpg 300w, https:\/\/sapenartois.com\/wp-content\/uploads\/2017\/12\/Fotolia_121558397_XL-768x543.jpg 768w, https:\/\/sapenartois.com\/wp-content\/uploads\/2017\/12\/Fotolia_121558397_XL-1024x724.jpg 1024w\" sizes=\"(max-width: 397px) 100vw, 397px\" \/><\/span><\/p>\n<p style=\"text-align: justify;\"><span style=\"color: #993366;\">Les Services A la Personne en Artois d\u00e9signent les activit\u00e9s qui contribuent \u00e0 simplifier votre vie quotidienne; Ils peuvent vous permettre :<\/span><\/p>\n<p style=\"text-align: justify;\"><span style=\"color: #993366;\">\u21d2 \u00a0D&rsquo;accompagner vos proches, enfants, personnes \u00e2g\u00e9es, ou en situation de handicap.<\/span><\/p>\n<p style=\"text-align: justify;\"><span style=\"color: #993366;\">\u21d2 \u00a0D&rsquo;assurer un \u00a0\u00e9quilibre entre vie familiale et vie professionnelle.<\/span><\/p>\n<p style=\"text-align: justify;\"><span style=\"color: #993366;\">\u21d2 \u00a0De d\u00e9l\u00e9guer certaines t\u00e2ches de votre quotidien.<\/span><\/p>\n<p style=\"text-align: justify;\"><span style=\"color: #993366;\">Vous souhaitez d\u00e9l\u00e9guer certaines t\u00e2ches du quotidien ? Quelque soit votre besoin, des professionnels peuvent vous y aider.<\/span><\/p>\n<p style=\"text-align: center;\"><span style=\"color: #008000;\">Les diff\u00e9rentes prestations propos\u00e9es par les structures du collectif Services A la Personne en Artois :<\/span><\/p>\n<p style=\"text-align: center;\"><span style=\"color: #993366;\">Les prestations de services \u00e0 domicile, quelque soit votre \u00e2ge ou votre situation :<\/span><\/p>\n<ul>\n<li><span style=\"color: #993366;\">&#8211; \u00a0Entretien courant du logement, du linge \u00e0 domicile.<\/span><\/li>\n<li><span style=\"color: #993366;\">&#8211; \u00a0Aide dans les d\u00e9marches administratives simples.<\/span><\/li>\n<li><span style=\"color: #993366;\">&#8211; \u00a0Dame de compagnie.<\/span><\/li>\n<li><span style=\"color: #993366;\">&#8211; \u00a0Accompagnement lors de d\u00e9placements.<\/span><\/li>\n<li><span style=\"color: #993366;\">&#8211; \u00a0Aide \u00e0 l&rsquo;\u00e9laboration et \u00e0 la prise de repas.<\/span><\/li>\n<li><span style=\"color: #993366;\">&#8211; \u00a0Jardinage et petits travaux de bricolage.<\/span><\/li>\n<\/ul>\n<p style=\"text-align: center;\"><span style=\"color: #008000;\">Les services aux personnes \u00e2g\u00e9es, en situation de handicap ou d\u00e9pendantes :<\/span><\/p>\n<ul>\n<li><span style=\"color: #993366;\">&#8211; \u00a0Aide aux gestes de la vie quotidienne.<\/span><\/li>\n<li><span style=\"color: #993366;\">&#8211; \u00a0Aide \u00e0 l&rsquo;hygi\u00e8ne corporelle sans prescription m\u00e9dicale.<\/span><\/li>\n<li><span style=\"color: #993366;\">&#8211; \u00a0Assistance dans la prise de repas.<\/span><\/li>\n<li><span style=\"color: #993366;\">&#8211; \u00a0Accompagnement lors de d\u00e9placements.<\/span><\/li>\n<li><span style=\"color: #993366;\">&#8211; \u00a0Garde de jour et de nuit.<\/span><\/li>\n<li><span style=\"color: #993366;\">&#8211; \u00a0Portage de repas et courses \u00e0 domicile*.<\/span><\/li>\n<li><span style=\"color: #993366;\">&#8211; \u00a0Services de soins infirmier \u00e0 domicile*.<\/span>\n<ul>\n<li style=\"text-align: left;\">\u00a0 \u00a0 <em><span style=\"color: #800000;\">\u00a0* Sp\u00e9cifiques \u00e0 plusieurs structures.<\/span><\/em><\/li>\n<\/ul>\n<\/li>\n<\/ul>\n<p style=\"text-align: center;\"><span style=\"color: #008000;\">Les services \u00e0 la famille et \u00e0 l&rsquo;enfance :<\/span><\/p>\n<ul>\n<li><span style=\"color: #993366;\">&#8211; \u00a0Soins de nursing.<\/span><\/li>\n<li><span style=\"color: #993366;\">&#8211; \u00a0Activit\u00e9s \u00e9ducatives et d&rsquo;\u00e9veil.<\/span><\/li>\n<li><span style=\"color: #993366;\">&#8211; \u00a0Soutien scolaire.<\/span><\/li>\n<li><span style=\"color: #993366;\">&#8211; \u00a0Soutien \u00e9ducatif.<\/span><\/li>\n<li><span style=\"color: #993366;\">&#8211; \u00a0Soutien relationnel.<\/span><\/li>\n<li><span style=\"color: #993366;\">&#8211; \u00a0Insertion sociale.<\/span><\/li>\n<li><span style=\"color: #993366;\">&#8211; \u00a0Garde d&rsquo;enfants \u00e0 domicile.<\/span><\/li>\n<\/ul>\n","protected":false},"excerpt":{"rendered":"<p>Les Services A la Personne en Artois d\u00e9signent les activit\u00e9s qui contribuent \u00e0 simplifier votre vie quotidienne; Ils peuvent vous permettre : \u21d2 \u00a0D&rsquo;accompagner vos proches, enfants, personnes \u00e2g\u00e9es, ou en situation de handicap. \u21d2 \u00a0D&rsquo;assurer un \u00a0\u00e9quilibre entre vie familiale et vie professionnelle. \u21d2 \u00a0De d\u00e9l\u00e9guer certaines t\u00e2ches de votre quotidien. Vous souhaitez d\u00e9l\u00e9guer [&hellip;]<\/p>\n","protected":false},"author":1,"featured_media":0,"parent":0,"menu_order":0,"comment_status":"closed","ping_status":"closed","template":"","meta":{"footnotes":""},"class_list":["post-48","page","type-page","status-publish","hentry"],"_links":{"self":[{"href":"https:\/\/sapenartois.com\/index.php\/wp-json\/wp\/v2\/pages\/48","targetHints":{"allow":["GET"]}}],"collection":[{"href":"https:\/\/sapenartois.com\/index.php\/wp-json\/wp\/v2\/pages"}],"about":[{"href":"https:\/\/sapenartois.com\/index.php\/wp-json\/wp\/v2\/types\/page"}],"author":[{"embeddable":true,"href":"https:\/\/sapenartois.com\/index.php\/wp-json\/wp\/v2\/users\/1"}],"replies":[{"embeddable":true,"href":"https:\/\/sapenartois.com\/index.php\/wp-json\/wp\/v2\/comments?post=48"}],"version-history":[{"count":6,"href":"https:\/\/sapenartois.com\/index.php\/wp-json\/wp\/v2\/pages\/48\/revisions"}],"predecessor-version":[{"id":124,"href":"https:\/\/sapenartois.com\/index.php\/wp-json\/wp\/v2\/pages\/48\/revisions\/124"}],"wp:attachment":[{"href":"https:\/\/sapenartois.com\/index.php\/wp-json\/wp\/v2\/media?parent=48"}],"curies":[{"name":"wp","href":"https:\/\/api.w.org\/{rel}","templated":true}]}}